00192 and 3540?
708
Calculate the highest common factor of 372771 and 16653.
1281
Calculate the highest common divisor of 5256 and 2664.
72
Calculate the greatest common factor of 102 and 46869.
51
What is the highest common divisor of 943720 and 40?
40
What is the greatest common factor of 30 and 1713?
3
Calculate the highest common divisor of 417164 and 44.
44
Calculate the highest common factor of 21 and 25151.
7
Calculate the greatest common factor of 90683 and 2124.
59
What is the greatest common factor of 1829 and 326447?
59
Calculate the greatest common divisor of 20800 and 80.
80
Calculate the greatest common divisor of 650 and 80.
10
What is the greatest common factor of 201 and 178287?
201
What is the highest common factor of 3918600 and 36?
36
Calculate the greatest common divisor of 16 and 42892.
4
Calculate the greatest common factor of 751455 and 270.
45
What is the highest common factor of 98 and 10598?
14
What is the greatest common divisor of 630605 and 4640?
145
What is the highest common factor of 132 and 636?
12
What is the highest common factor of 224 and 592928?
224
Calculate the highest common factor of 26244 and 96.
12
What is the highest common divisor of 6768 and 1552?
16
Calculate the greatest common divisor of 984294 and 1192.
298
Calculate the highest common divisor of 1768 and 12623.
13
What is the highest common factor of 308 and 648802?
154
What is the greatest common factor of 9 and 48351?
3
What is the highest common factor of 178497 and 891?
297
Calculate the highest common divisor of 940766 and 32575.
1303
What is the highest common factor of 7994704 and 8?
8
Calculate the greatest common divisor of 36437 and 7138.
83
What is the greatest common factor of 208 and 482118?
26
Calculate the greatest common divisor of 133936 and 121.
11
What is the highest common divisor of 6275 and 52961?
251
What is the highest common factor of 799240 and 696?
232
Calculate the greatest common divisor of 36 and 3676.
4
Calculate the greatest common factor of 138564 and 492.
12
What is the greatest common divisor of 19514 and 44?
22
Calculate the highest common factor of 197730 and 54.
18
Calculate the greatest common divisor of 90 and 102.
6
Calculate the greatest common factor of 9469 and 400483.
557
Calculate the greatest common factor of 288 and 57276.
36
What is the greatest common divisor of 20 and 326?
2
What is the greatest common factor of 110766 and 30?
6
What is the greatest common factor of 178 and 18801962?
178
Calculate the greatest common divisor of 6216453 and 27.
27
Calculate the highest common divisor of 8140 and 48180.
220
What is the greatest common factor of 235 and 543085?
235
Calculate the greatest common factor of 9 and 147087.
9
What is the highest common factor of 9721880 and 56?
56
Calculate the highest common factor of 15525 and 49059.
621
What is the greatest common divisor of 3335 and 1081?
23
Calculate the greatest common divisor of 557552 and 16.
16
Calculate the highest common divisor of 4777 and 527.
17
What is the highest common divisor of 592 and 1376?
16
What is the highest common factor of 38232 and 9?
9
What is the highest common factor of 61545 and 38046?
1119
What is the highest common divisor of 11632 and 1344?
16
What is the highest common divisor of 164 and 13407?
41
Calculate the greatest common divisor of 1671848 and 304.
152
What is the highest common factor of 343 and 2219?
7
Calculate the highest common factor of 78761 and 738.
41
What is the greatest common divisor of 16 and 964632?
8
What is the highest common factor of 52628 and 236?
236
What is the highest common divisor of 78 and 135759?
39
What is the highest common factor of 456288 and 147?
147
Calculate the greatest common factor of 424002 and 6.
6
Calculate the greatest common factor of 3360 and 5082.
42
What is the greatest common factor of 404 and 1964147?
101
Calculate the greatest common divisor of 2843225 and 633.
211
What is the highest common divisor of 242 and 12584?
242
What is the highest common factor of 427871 and 5947?
313
What is the greatest common factor of 225201 and 2439?
813
Calculate the highest common divisor of 4113 and 171.
9
What is the greatest common factor of 10809 and 27?
9
Calculate the highest common divisor of 42 and 2563988.
14
Calculate the highest common factor of 1628 and 1408.
44
What is the highest common divisor of 36084 and 31?
31
Calculate the greatest common divisor of 13 and 20852.
13
What is the highest common divisor of 256 and 172352?
64
Calculate the highest common factor of 133 and 212743.
19
What is the highest common factor of 246 and 24026?
82
What is the highest common factor of 1152 and 2999232?
576
What is the highest common factor of 794 and 4?
2
Calculate the highest common factor of 46145 and 385.
55
What is the greatest common factor of 2007 and 279?
9
What is the highest common factor of 1054539 and 1269?
1269
Calculate the greatest common divisor of 58 and 22562.
58
Calculate the greatest common factor of 197173 and 37.
37
Calculate the greatest common divisor of 18912 and 480.
96
Calculate the highest common factor of 122 and 32696.
122
Calculate the highest common divisor of 28176 and 264.
24
What is the greatest common divisor of 1225 and 360395?
245
What is the highest common divisor of 465 and 3007?
31
What is the highest common divisor of 1432 and 3576?
8
Calculate the greatest common factor of 2532 and 13296.
12
Calculate the greatest common factor of 3402 and 42.
42
What is the highest common factor of 1794 and 1174518?
138
What is the greatest common divisor of 95703 and 483?
69
What is the greatest common divisor of 35496 and 97920?
1224
What is the highest common factor of 137934 and 6111?
873
What is the greatest common factor of 17 and 16847?
17
What is the greatest common factor of 8721 and 39474?
459
Calculate the greatest common divisor of 40712 and 112.
56
Calculate the greatest common divisor of 13824 and 74240.
512
Calculate the highest common divisor of 82641 and 897.
39
What is the greatest common factor of 78 and 35484?
6
Calculate the greatest common divisor of 12096 and 189.
189
Calculate the greatest common divisor of 544 and 127772.
68
Calculate the highest common factor of 35090 and 220.
110
Calculate the greatest common factor of 331 and 898003.
331
What is the greatest common divisor of 1957 and 19?
19
What is the greatest common divisor of 271612 and 11?
11
What is the greatest common divisor of 2192 and 1984?
16
What is the highest common divisor of 40795 and 1592?
199
Calculate the greatest common factor of 8151 and 10945.
11
What is the greatest common factor of 32 and 2000?
16
Calculate the highest common divisor of 549 and 5063.
61
Calculate the greatest common factor of 201490 and 30.
10
Calculate the greatest common divisor of 89211 and 7491.
681
Calculate the greatest common factor of 653144 and 608.
152
What is the greatest common divisor of 53452 and 138?
46
Calculate the highest common divisor of 73521 and 441.
63
Calculate the highest common factor of 33291 and 2055.
411
What is the highest common factor of 56 and 13094?
2
Calculate the greatest common factor of 3 and 183552.
3
What is the greatest common divisor of 54 and 203130?
18
Calculate the highest common divisor of 63 and 26327.
7
Calculate the highest common divisor of 47286 and 925.
37
Calculate the greatest common factor of 15925 and 25415.
65
What is the greatest common divisor of 864 and 405648?
432
What is the greatest common divisor of 3753 and 801?
9
Calculate the greatest common factor of 7745 and 60.
5
What is the highest common divisor of 624 and 9243312?
624
What is the greatest common factor of 5049 and 61710?
561
Calculate the greatest common factor of 775066 and 122.
122
What is the greatest common divisor of 144 and 66564?
36
What is the highest common divisor of 219 and 169287?
219
What is the highest common factor of 1485 and 139920?
165
What is the greatest common factor of 15680 and 1280?
320
What is the highest common divisor of 117 and 1396863?
117
What is the greatest common factor of 18125 and 87?
29
What is the highest common divisor of 129960 and 72?
72
What is the greatest common factor of 172 and 11665040?
172
What is the highest c